4 + -41 - -6) + 18 + -10 + -18?
-31
What is -167 + (94 + -17 - -71)?
-19
What is the value of (-14 - 30 - -10 - 44) + 9?
-69
Calculate (141 - (146 - 19)) + (-1 - -4).
17
104 - (-15 + 60) - 104
-45
What is the value of (-8 + 7 - 12) + (-116 - -82)?
-47
What is (64 - 66) + (-23 - (4 + -9))?
-20
Calculate 134 + (-12 - (-19 - -17) - 30).
94
Evaluate -31 - -41 - -13 - 18.
5
Calculate (3 - (55 + 3)) + (-4 + -6 + -6 - -19).
-52
Evaluate 66 + (53 - 6) + -80.
33
Calculate (31 + -18 - 81) + (-46 - -71).
-43
What is the value of 99 + 63 + -117 - (0 + -22)?
67
What is 1722 + -1755 + 92 + -1 + 3?
61
What is -13 + 24 - (12 - 4) - (5 + (-4 - -8))?
-6
What is the value of (386 - 385 - (-14 + 1)) + 1 + 25?
40
Evaluate (-8 - (-6 - (5 + -9 - -12))) + -15 + 48.
39
What is the value of (0 - (16 + -69)) + (23 + -5 + -7 - 3)?
61
What is the value of 24 + -1 + (-13 - -31) + 33?
74
What is -118 + 34 + 3 + -43 + 0 + 12?
-112
Evaluate 5 - (-10 - 5) - (1145 - 1041).
-84
(-1 + -1 - (34 - (60 - 37))) + 119
106
Evaluate (-27 - 6) + (124 - 51) + -41.
-1
What is the value of (-46 + -2 - 16) + 35?
-29
Calculate 19 - (4 + (-2 - 1 - (-80 - -79))).
17
Calculate 10 - ((19 - 17) + -27).
35
What is (8 - (-18 - -13)) + (-6 - (-12 - -3 - -8))?
8
Calculate 4 + (64 - 65 - (-9 - 0)).
12
-3901 + 3856 - (-4 + -1)
-40
What is the value of 13 - (-28 + 18 + 9 - (-8 - (-53 - -5)))?
54
What is the value of 58 - (4 - (-17 + 0) - 14)?
51
Evaluate (0 + 11 - ((-2 - -7) + -3)) + -36 + 38.
11
Evaluate (23 - (12 - -10)) + 10 - -13.
24
Evaluate -16 + (7 - 9) + -1 + (6 - -4 - 4).
-13
What is 0 + -3 - (8 + 19 + -21 + -3)?
-6
12559 + -12590 - (53 - 1)
-83
What is the value of (-21 - (-20 + 19)) + 25 - (-1 + -65 + 0)?
71
What is the value of 18 + (-44 - -18) - -38?
30
What is the value of -80 + (75 - 44) + (-20 - -2) - -20?
-47
What is (-50 - -86) + (3 - 6) + -4 - (-2 - -4)?
27
Calculate -26 - (41 + 50 - 148).
31
229 + -341 - -95 - ((2 - (-2 + 2)) + 1)
-20
Calculate -47 + -2 + 18 + -16 + -8 + -5.
-60
Calculate (-1 - -8) + -1 + 120 + 36 + 28 + -69.
121
What is the value of (14 - (-7 - -15)) + (26 - 24) - -21?
29
13 + -2 + -8 + (4 + 2 - 4)
5
0 - -51 - (134 + -36)
-47
Evaluate (13 - -10 - 28) + -3 + 1 + (0 - -53).
46
What is the value of (69 - (13 + -1)) + 8 + -39 + 36?
62
What is the value of 235 - 160 - (155 - 33)?
-47
What is the value of -1 + 10 + 10 + -10 + -14 - (9 + 2)?
-16
Calculate -91 + (-19 - -4 - (-25 + -9)).
-72
-5 - (-33 + 3 + (21 - 7)) - -69
80
(-11 - (-14 - -10)) + 2 + 14 - 48
-39
Evaluate (-10 - -49) + -29 + 4 + -9.
5
What is the value of (6 - 12) + 30 - (113 + -32)?
-57
What is (-46 - -4) + -4 + 6 + (-7 - -5)?
-42
What is (-6 - ((6 - 19) + 17)) + (104 - 1) + 9?
102
7 - 0 - (-23 - -45) - 19
-34
Calculate 50 + -116 - (18 + -1 + -23).
-60
Evaluate 88 - (-84 + 58 - -21).
93
(-32 - (14 - 5)) + 29 + -2 + -1 + -74
-89
What is the value of -66 - (-66 + 19 + -17)?
-2
Evaluate 2 - (-6 + -3 + 2 - (42 + 9)).
60
Calculate 5 + 56 + -14 - (253 - 231).
25
Evaluate 82 - (-20 - (-86 + 24)).
40
-43 - (69 - (36 - 19) - 26)
-69
-4 + (7 - 10 - -6 - -7) - (-5 + 42)
-31
What is -30 + 4 + -1 + 6 + -29 + 32?
-18
Evaluate -63 - (-2 - 0) - (35 + 9 - 28).
-77
What is (-2 - -76) + (-10 - 32 - 18) + 37?
51
What is 10 + 126 + (36 - 87)?
85
Evaluate -975 + 995 - (14 + 1).
5
What is -16 + (-13 - (-37 + 10)) - 38?
-40
1 + 1 + (-9 - -2) + 6 + (-10 - 1)
-10
What is 387 + -478 - (-3 - 69)?
-19
What is 13 - (96 + (40 - 57))?
-66
What is -2 + 3 + (2 - (5 + -2)) - (34 - 7)?
-27
What is the value of (-2 - 55 - 1) + -5 + -6 + 109 + -94?
-54
What is the value of 0 + 126 + (15 - ((46 - 24) + 5))?
114
What is the value of -51 + (-26 - -77) + 30?
30
Evaluate -37 + 2 + 90 + (-1253 - -1293).
95
What is 59 + (-23 + (2 - -8) - -18) + -13?
51
Evaluate (-8 - -6) + (-27 - -14) - 7.
-22
Calculate (2 + -4 - 34 - -21) + 45 + 8.
38
Calculate -79 + 83 - (17 - -13).
-26
What is (-3 - (-78 - -31 - -36)) + -25 + (1 - 0)?
-16
Evaluate 1 - -21 - (-36 - (-35 + (53 - 53))).
23
(44 - (-264 + 313)) + (0 - (1 - 57))
51
What is the value of (12 - 10) + (-6 + 4 + -3 - -4)?
1
What is (55 - (-5 + 1 + 13) - 11) + -3?
32
Calculate (-2 - 73) + -2 + -1 + (62 + -108 - -45).
-79
What is 0 - -41 - (22 - (-36 + 60)) - -3?
46
Calculate 7 - (-31 - (15 + (-17 - 16))).
20
Calculate (1 + 1 - (-71 - (-136 + 73))) + (-73 - 0).
-63
Calculate -2 - (53 - (-47 - -64)).
-38
Calculate 11 + (-8 + -9 - -19) + 15.
28
Calculate -4 + (-60 - -60) + 18.
14
0 + 1 + (14 + -12 - 8) + 37
32
4 + (-29 - (8 + -32)) + 1
0
What is 11 - -7 - 5 - 10 - -17 - -6?
26
Evaluate -57 - -5 - (-60 - -10).
-2
Calculate (34 + 2 + -3 - (148 + -257 + 101)) + 11.
52
Calculate 43 + -6 + -21 - (26 + 7).
-17
What is -70 + -30 + 37 - -133?
70
(-86 - -68) + 3 + 0 + 28
13
Evaluate -29 + 63 + 17 + -69.
-18
What is 95 + -153 + (91 - 19)?
14
-30 - ((378 - 468) + 5 + 0)
55
Evaluate -5 + 2 + 11 + (192 - 169).
31
Calculate 33 - (-17 + (22 - -24)) - (0 + (-120 - 1)).
125
What is -19 - (7 + -9 - ((-6 - 4) + 7 - -5))?
-15
What is the value of (1 - -38) + -107 + 42 + 44?
18
-71 - -68 - (88 - (4 - (5 - 9)))
-83
Evaluate (-25 - -24 - (-5 - -9) - -6) + 86.
87
What is the value of 10 + (-2 - 4 - -2) - (-28 + 38)?
-4
Calculate (23 - 17) + -91 - (-17 - 12).
-56
29 + (8 + 28 + -20 - 64)
-19
What is -13 + 15 - (81 + -43)?
-36
What is -4 + (29 - -4) + 12?
41
Calculate -4 + -31 + (-31 - 22 - -18) + 23.
-47
Evaluate -2 + -4 + (-42 - 158) + 78.
-128
(38 - (52 - 16)) + 18
20
Calculate (-35 - 1 - (200 - 214)) + (-18 - -15).
-25
Calculate 458 + -459 - (-14 - 0) - -59.
72
22 - 1 - (172 + -3 + -181)
33
Calculate -14 + (36 - (50 + -30)).
2
What is 22 - ((-16 - -38) + -17) - (2 - 71)?
86
Evaluate 26 + (-24 - -13 - 2) - 1 - 11.
1
What is the value of 51 - (-50 - -81) - (0 + 3)?
17
What is -62 + 14 + (22 - 7)?
-33
57 - (-1 - (-4 - (22 + -2)))
34
What is the value of -64 - (-36 + -3 - -29) - (1 + 5)?
-60
What is the value of 39 + -10 + (-5 - (-6 + 12 + -7))?
25
What is -2 - (-30 - (6 + -7) - -12)?
15
Evaluate -2 + -1 + -8 + 10 - (183 - 96).
-88
Evaluate (6 - 8) + 6 + -34 - (49 + -45).
-34
What is -12 + 0 + -12 + 18 + -17 + 13 + -5?
-15
What is (-2 - -7) + (18 - 38) - -29?
14
Evaluate 39 - (-141 + (292 - 122)).
10
What is the value of (-1 - 195) + (3057 - 2982)?
-121
Evaluate -66 + -38 + 90 + -8 + 12 + 93.
83
56 + (11 - 111) - -47
3
1 + 2 - (-2845 + 2884)
-36
14 - 2 - (34 + -13 + -21)
12
(123 - 5) + (-609 - -512)
21
3 + (3 - 2 - 0) + -24 - (-2071 - -2082)
-31
-35 + (-150 - -30) + 43 + -3
-115
What is 17 + (13 - 13) + -5 + -12?
0
Calculate -12 + 3 - (-43 - (40 - 84)).
-10
Calculate 9 - ((5 - (34 - 12)) + 10).
16
Calculate -84 + (0 - (-54 - 33)).
3
-58 + (-67 - 70 - -229)
34
Calculate (-5 - 8) + -7 + (-4 - (9 + -6)).
-27
0 - 47 - (-1346 + 1250)
49
-3367 + 3315 - (-55 + 0)
3
What is the value of 2 + (9 - (9 - 4) - (-8 - -3 - -2))?
9
Evaluate 21 - (47 - 10) - 20 - 15.
-51
Evaluate (76 - 94) + 71 + (-16 - -2).
39
Evaluate -51 + (-3 + -1 - (612 + -611)) - -2.
-54
What is -9 - (-6 + 23 - (-68 - 23)) - -19?
-98
What is (75 + -7 - 171) + 85?
-18
26 + -38 + (225 - 227 - (-6 - 1)) - -39
32
Evaluate 24 - 11 - 34 - (-4 + -109 + 2).
90
What is -29 + -5 - -95 - 2?
59
What is (1 - (5 - (56 + -9))) + 10?
53
Calculate 194 - 294 - (-72 - -68).
-96
Calculate 11 - (-1221 + 1135 + 2 + -2).
97
1 + -14 - (853 + -898)
32
2 + 28 + -10 + (-6 - (23 + 9))
-18
4 - (-10 + 3 + 2 + 16)
-7
What is -47 - (43 - (93 - 34))?
-31
Evaluate (1 - (-18 - -9)) + (-4 - 18) + 16.
4
-42 + -59 + 25 + -25
-101
Calculate (37 + -27 - -50) + 10 + -3.
67
Calculate 228 - 211 - (19 + 1) - 52.
-55
-11 + -64 + -2 + (-3 - -7) - (7 - 19)
-61
-45 - -71 - (6 + -4 + -10 + -5)
39
Evaluate (19 + (-34 - -16) - 1) + 33 + -20.
13
What is the value of (103 - 8) + -127 + 1 + -2?
-33
-23 - (-7 - -11 - -9 - 6) - -4
-26
Evaluate -21 + (20 - 14) + -40 + (-1 - 6) + 5.
-57
Evaluate (0 - (4 + (-24 - -8))) + -4 + 19.
27
Evaluate -57 + 20 - ((-18 - 10) + 31).
-40
(1 - 10) + (-6 - 28 - (-70 + 46))
-19
(-6 - 5) + -232 + 245
2
What is -6 + (-9 + -15 - -15 - (8 + -12 + -10))?
-1
What is the value of 34 + -162 + -4 - -83?
-49
What is ((2 - 1) + -2 - (-13 - 14)) + -10?
16
What is the value of (3 - -43 - (250 + -236)) + -76?
-44
What is the value of -93 - ((-17 - (5 - 11) - -11) + 13 + -3)?
-103
Evaluate (-4306 - -4390) + (-2 + (0 